a prime number?
False
Is 706437449 prime?
True
Is 1069217 a prime number?
True
Is 1384645 a prime number?
False
Is 36286871 a prime number?
True
Is 7585121 a composite number?
True
Is 87765697 a prime number?
False
Is 335273317 composite?
True
Is 5637299 composite?
False
Is 127054731 prime?
False
Is 632851 a composite number?
False
Is 2992505 a prime number?
False
Is 711463 composite?
False
Is 225938267 a prime number?
True
Is 1644611 prime?
True
Is 3244021 composite?
True
Is 38686279 a composite number?
False
Is 6192881 composite?
True
Is 1185949 prime?
False
Is 17590931 a prime number?
True
Is 12176123 a composite number?
False
Is 1490451629 a composite number?
False
Is 40258549 a composite number?
True
Is 3923797 a composite number?
True
Is 94963243 prime?
True
Is 74176217 a composite number?
False
Is 7112279 composite?
True
Is 65076859 a prime number?
False
Is 679181 a composite number?
True
Is 55425383 a composite number?
True
Is 30571253 a prime number?
False
Is 25844003 prime?
False
Is 36410483 a prime number?
True
Is 917086251 a composite number?
True
Is 65352169 composite?
True
Is 1172706649 composite?
False
Is 1430369 prime?
False
Is 1196177 prime?
True
Is 4937347 prime?
True
Is 46618426 a composite number?
True
Is 64843543 prime?
False
Is 23292443 a prime number?
True
Is 23932663 a prime number?
True
Is 42166063 a prime number?
False
Is 11663534 composite?
True
Is 150071567 a prime number?
False
Is 2154241 a prime number?
True
Is 2359163 a prime number?
True
Is 25991347 a prime number?
False
Is 3650695 composite?
True
Is 622691 composite?
True
Is 48006973 a prime number?
False
Is 11649667 a prime number?
True
Is 15113617 a prime number?
False
Is 20740003 a prime number?
True
Is 172714931 composite?
True
Is 39960181 a composite number?
False
Is 7736189 a composite number?
False
Is 2313371 composite?
True
Is 89783621 a prime number?
True
Is 9571549 a composite number?
True
Is 612830021 composite?
True
Is 308291 a composite number?
False
Is 47707247 a composite number?
True
Is 40177637 a prime number?
False
Is 28071349 a composite number?
False
Is 243956677 a composite number?
True
Is 244349485 a composite number?
True
Is 149418733 composite?
False
Is 629839 prime?
False
Is 4969031 composite?
False
Is 334179806 prime?
False
Is 180840617 a prime number?
False
Is 2741549 prime?
False
Is 5220389 composite?
False
Is 14181481 prime?
True
Is 45223001 a prime number?
True
Is 173981771 a prime number?
True
Is 524593703 a composite number?
True
Is 174520139 composite?
False
Is 527066 a prime number?
False
Is 8611517 prime?
False
Is 56570321 composite?
True
Is 45819379 prime?
False
Is 383029 composite?
False
Is 1406003 composite?
True
Is 28754555 composite?
True
Is 17666197 prime?
True
Is 666781 composite?
True
Is 7630621 a prime number?
False
Is 103469 a composite number?
True
Is 146431199 a prime number?
True
Is 74429657 composite?
False
Is 168599 composite?
False
Is 15663203 prime?
True
Is 39633007 a prime number?
True
Is 145165823 a composite number?
True
Is 16656637 a composite number?
True
Is 23078777 prime?
False
Is 487039451 composite?
True
Is 10922327 prime?
False
Is 414185 composite?
True
Is 7185353 a prime number?
False
Is 2389859 composite?
False
Is 311677 a composite number?
False
Is 76439453 a prime number?
True
Is 381911 composite?
False
Is 867869666 prime?
False
Is 10066471 a composite number?
False
Is 3366481 composite?
True
Is 19660211 prime?
False
Is 53320979 composite?
False
Is 721397 prime?
True
Is 1693609963 a prime number?
True
Is 411446855 a composite number?
True
Is 35088827 composite?
True
Is 141525557 a composite number?
False
Is 1082911 a prime number?
True
Is 2220643 a prime number?
True
Is 26200843 a prime number?
True
Is 5924833 composite?
False
Is 8073641 composite?
False
Is 113928209 composite?
False
Is 99271087 prime?
True
Is 33162047 a prime number?
False
Is 176081863 a composite number?
False
Is 8112449 prime?
False
Is 229139633 composite?
True
Is 23279359 prime?
True
Is 122612741 a composite number?
False
Is 85755583 composite?
False
Is 155371343 composite?
False
Is 128200165 composite?
True
Is 5650063 a prime number?
True
Is 78567 a prime number?
False
Is 34234069 prime?
False
Is 159614821 prime?
False
Is 931238909 composite?
False
Is 2062969 a composite number?
True
Is 677713 a prime number?
False
Is 526931 prime?
True
Is 7445729 a prime number?
True
Is 4850569 composite?
True
Is 692796955 a prime number?
False
Is 135259867 a composite number?
True
Is 851689 prime?
True
Is 65555179 composite?
True
Is 172789187 a prime number?
True
Is 838711 a composite number?
False
Is 2165831 a composite number?
True
Is 275582 a prime number?
False
Is 1452047 composite?
False
Is 6554813 a prime number?
True
Is 22411343 prime?
False
Is 1648451 composite?
True
Is 10332013 a prime number?
False
Is 100546843 a prime number?
True
Is 2948747 composite?
False
Is 591979 composite?
True
Is 1128145829 a prime number?
False
Is 203385817 composite?
True
Is 1087231 a prime number?
True
Is 5509619 prime?
True
Is 395215829 a composite number?
False
Is 1350119 a composite number?
False
Is 6376397 a prime number?
False
Is 31589707 prime?
True
Is 797717 prime?
False
Is 1622591 composite?
False
Is 110376953 composite?
True
Is 11512013 a prime number?
True
Is 3233102 a composite number?
True
Is 14294143 prime?
False
Is 3277535 prime?
False
Is 39539141 composite?
False
Is 13060537 a prime number?
False
Is 20154489 prime?
False
Is 14288163 composite?
True
Is 61440761 composite?
False
Is 625589 a composite number?
False
Is 2485331 a composite number?
True
Is 239074837 composite?
True
Is 136809427 a composite number?
False
Is 170438741 a composite number?
True
Is 421313 a composite number?
False
Is 562721051 a prime number?
False
Is 2074057 a prime number?
True
Is 9959009 a composite number?
False
Is 66194357 composite?
False
Is 1208561 composite?
False
Is 11088277 prime?
False
Is 634264187 composite?
False
Is 5494279 prime?
False
Is 33565663 prime?
True
Is 93184709 a prime number?
False
Is 1687597 prime?
False
Is 2439379 a prime number?
True
Is 14150119 composite?
True
Is 5527747 composite?
False
Is 3614447 prime?
True
Is 109307621 prime?
True
Is 3139039 composite?
True
Is 2318917 a composite number?
False
Is 11546657 composite?
False
Is 2019801989 a prime number?
True
Is 5218363 prime?
False
Is 1131359 prime?
False
Is 4369991 composite?
False
Is 5554987 a prime number?
False
Is 22238057 composite?
True
Is 532394857 prime?
False
Is 2100313 a prime number?
True
Is 182884531 a composite number?
True
Is 451089193 a prime number?
True
Is 970297 a prime number?
True
Is 1562958667 prime?
True
Is 64797023 composite?
False
Is 19108861 prime?
False
Is 3677038 a prime number?
False
Is 30994153 composite?
False
Is 43726349 a prime number?
True
Is 260317 prime?
True
Is 43532423 a composite number?
True
Is 190475671 a prime number?
True
Is 2950369 composite?
True
Is 5006515 a prime number?
False
Is 157105063 a prime number?
True
Is 135270413 prime?
False
Is 77749341 prime?
False
Is 3281011 prime?
True
Is 772789 prime?
True
Is 9962039 prime?
False
Is 47519411 composite?
True
Is 125233627 a composite number?
False
Is 3782107 prime?
False
Is 961297 composite?
True
Is 4586189 prime?
True
Is 10572067 prime?
False
Is 16193053 a prime number?
False
Is 214397 composite?
True
Is 855469847 a prime number?
False
Is 129421487 a composite number?
True
Is 780103 a composite number?
True
Is 3512869 composite?
False
Is 29925977 a prime number?
False
Is 653561 prime?
True
Is 4270681 prime?
False
Is 331230433 prime?
False
Is 22682849 a composite number?
True
Is 226063 a prime number?
True
Is 5532953 composite?
True
Is 1919474 composite?
True
Is 444242671 a prime number?
True
Is 8649049 a prime number?
True
Is 2033687 composite?
False
Is 480226289 a composite number?
True
Is 120592903 a prime number?
True
Is 33438931 composite?
False
Is 1650487 a composite number?
False
Is 16195147 prime?
False
Is 3682187 composite?
False
Is 2580785 a composite number?
True
Is 26895311 prime?
False
Is 475957 a composite number?
False
Is 497546809 a prime number?
False
Is 3184057 a composite number?
False
Is 366526753 prime?
True
Is 83299 a prime number?
True
Is 114542819 a prime number?
T